n factor of p and q.
6
Let h(k) = -3*k + 17. Let q be h(3). Calculate the highest common divisor of q and 56.
8
Suppose -n + 5 = 3*w, -w + 2 = n - 1. Let k = 6 + w. What is the greatest common factor of k and 35?
7
Let v(t) = -t**3 + 4*t**2 + t. Let z be v(3). What is the greatest common divisor of z and 24?
12
Let v = 4 - 10. Let f = 8 + v. Let r be (-7)/(-3)*3*2. What is the greatest common divisor of f and r?
2
Suppose 2 = -c, l - 8 = 2*c + 1. Suppose 4*r = 17 + 51. Let y = r - l. What is the highest common divisor of y and 96?
12
Suppose -4*m + 31 = -13. What is the greatest common factor of m and 33?
11
Let b(p) = -p**3 + 8*p**2 + 4*p - 6. Let f be b(8). Let m = 40 - f. What is the greatest common divisor of 28 and m?
14
Let c(t) = 2*t + 10. Let q be c(-5). Suppose -5*o - 2*p + p + 164 = q, -4*o - 4*p + 128 = 0. What is the highest common factor of o and 11?
11
Let p be 1*(152/1 + 0). Suppose n + 3*n + 72 = -4*s, 0 = -4*s - 3*n - 75. Let j = s - -40. What is the greatest common divisor of p and j?
19
Suppose -3*o + 22 = -41. Calculate the greatest common factor of 14 and o.
7
Suppose -301 = -2*c - 7. What is the highest common factor of c and 21?
21
Let u = -1 - -5. Suppose 0*o + 2*o + 44 = 2*r, o - 78 = -u*r. Calculate the highest common factor of r and 40.
20
Let y be 2/(-6) - (-2)/6. Suppose y*s = 4*s - 44. What is the highest common divisor of s and 88?
11
Suppose -3*j = -5*i - 168, 0*j - 2*j = -5*i - 117. What is the highest common divisor of j and 17?
17
Let t be 2/4*(2 - -2). Let r = -4 + 4. Let n be 363/6*(r + t). Calculate the greatest common factor of n and 11.
11
Suppose b + 2*h - 4 = 11, 0 = 3*h - 15. Suppose y + 0 = 1, 0 = b*t - 3*y - 37. Calculate the greatest common factor of 20 and t.
4
Suppose -4*v - 6*i = -2*i - 16, -i = 4*v - 10. Calculate the greatest common divisor of 26 and v.
2
Suppose -g = 4*g - 60. Suppose -5*d + 2*w = -3*d + 172, 3*d = 2*w - 256. Let m = d + 168. Calculate the greatest common divisor of m and g.
12
Suppose 3*v + d = 66, 26 = -2*v - 4*d + 80. Let q be (1/3)/(1/v). What is the highest common factor of q and 56?
7
Let d be ((-9)/2)/(8/(-16)). Calculate the highest common divisor of d and 27.
9
Suppose -40 = -0*r - 2*r. What is the greatest common divisor of r and 40?
20
Suppose 0 = 2*v + 5*h - 31, 0*h = 4*v + 4*h - 32. Suppose 132 = m + 3*m. What is the highest common divisor of v and m?
3
Let w(q) be the first derivative of 4*q**3/3 + 5*q**2/2 - 3*q - 1. Let n be w(3). Let h be (-68)/(-6) - 4/(-6). What is the greatest common factor of n and h?
12
Let n be 1 - (-1)/((-2)/(-44)). Let t(i) = 8*i - 161. Let l be t(46). Calculate the greatest common factor of l and n.
23
Let j be 40/(-6)*(-495)/6. Let x = 240 + -606. Let k = j + x. What is the greatest common factor of k and 23?
23
Let b be (-8)/2*(-131)/2 - -2. What is the greatest common factor of 24 and b?
24
Let d = -5 - -4. Let b(p) = -52*p. Let z be b(d). Calculate the greatest common factor of z and 13.
13
Suppose 0*m - 5 = 2*m - 3*q, 5*m = -2*q + 35. Suppose -3*i = -64 - m. Suppose 3 = h - 2*h, -i = -y + 5*h. Calculate the highest common factor of 88 and y.
8
Let f(w) = 2*w + 1. Let t(x) = x. Let z(v) = -f(v) + t(v). Let p be z(-8). What is the highest common divisor of 7 and p?
7
Suppose 0 = -4*h + 5*h - 306. Let w(v) = -34*v. Let f be w(-1). Calculate the greatest common factor of h and f.
34
Suppose 3*a = 16 - 1. Suppose 4*h - 61 = 99. Suppose -3*q + z = 3*z - 52, a*z - h = -3*q. Calculate the greatest common divisor of 50 and q.
10
Let m = 81 - -29. Suppose 3*n + 4 = 34. What is the greatest common factor of m and n?
10
Let b be 2/(-12) + 179/(-6). Let d be (b - -3)/((-18)/48). What is the greatest common factor of d and 8?
8
Suppose -3*m - 2*f = -37, 2*m = 5*f + 23 + 27. Let c = -5 + m. Calculate the highest common divisor of c and 10.
10
Let q(d) = d + 4. Let g be q(-6). Let f be -2 - g - 2 - -41. Let k = f - 23. What is the greatest common divisor of k and 8?
8
Let f(b) = 2*b**2 + 1. Let w be (2/8)/(2/8). Let o be f(w). Let j be (-22)/(-2) - (-2 + o). What is the highest common factor of j and 90?
10
Suppose -p + 0 = -4. Suppose k = 3*j - 0 - 2, 0 = p*k + j - 18. Suppose 5*g - 71 = k. Calculate the greatest common divisor of g and 90.
15
Let l = -35 - -58. Let j(w) = 4*w**2 - 24*w + 1. Let b be j(10). Calculate the greatest common divisor of l and b.
23
Suppose 2*n + 112 = 4*w, 3*w + 3*n = -2*n + 97. What is the highest common divisor of 29 and w?
29
Suppose 0 = 5*v + 62 - 237. Let a = -21 + v. Suppose -4*u = g - 3*g - a, -5*u + 1 = 3*g. What is the highest common factor of u and 14?
2
Let t(a) = 16*a - 4. Let l be t(2). Calculate the highest common factor of 70 and l.
14
Let r(z) = -z**2 - 2*z + 2. Let y be r(-3). Let n be -1 - (-1 + y*4). Calculate the highest common factor of 4 and n.
4
Let y be -3 + -1 - 1196/(-26). What is the greatest common factor of 63 and y?
21
Let m(j) = j**3 + j**2 - 2*j + 2. Let i be m(2). Let o be i + 0 + (-2)/1. Calculate the highest common factor of o and 2.
2
Let w(q) = q - 2. Let a(s) = 5*s - 7. Let g(m) = -6*a(m) + 26*w(m). Let p be g(-7). Calculate the highest common divisor of p and 162.
18
Let y be 38/(((-4)/(-2))/1). Let z be 453/27 + (-2)/(-9). Let n = z + 2. What is the greatest common factor of y and n?
19
Suppose 6*h = 3*h + 15. Suppose -42 - 33 = -h*n. What is the greatest common factor of n and 120?
15
Let r(y) = y**3 - 7*y**2 - y - 4. Let l be r(8). Calculate the highest common factor of l and 130.
26
Suppose -5*y + 34 = -61. Calculate the highest common divisor of y and 76.
19
Let h be 4/(-3) - 88/(-3). What is the greatest common divisor of 42 and h?
14
Let s(u) = u**3 - 4*u**2 + 4*u - 2. Let k be s(3). Let b(c) = c**3 + 4*c**2 - c - 7. Let h be b(-2). What is the highest common divisor of k and h?
1
Suppose w - 6*w + 10 = 0. Let u be 1/(-2) + 1/(-2). Let h be (10/4)/(u/(-2)). Calculate the greatest common divisor of h and w.
1
Suppose 132 = 14*j - 10*j. Suppose -3*i + 2*x = -27, -x - 19 = -i + 3*x. Let y = -4 + i. Calculate the highest common factor of j and y.
3
Let o = -32 - -47. Suppose 17 = l - o. What is the greatest common divisor of 80 and l?
16
Let u be 67/5 + (-2)/5. Let v be 21 - -1 - (18 - 21). Let d = v - u. What is the highest common divisor of d and 84?
12
Let o(h) = 8*h**2 + 2*h - 1. Let r be o(1). Let j = -6 - -4. Let g be (-18)/8*j*2. Calculate the highest common divisor of g and r.
9
Let j = -109 + 204. Calculate the greatest common factor of j and 38.
19
Let o be (1 + 1 - 2)/2. Suppose 3*c = -o*c + 210. Calculate the highest common factor of 10 and c.
10
Let u(k) be the third derivative of k**5/12 - k**4/12 - 3*k**3/2 + k**2. Let a be u(-5). What is the highest common factor of a and 18?
18
Let c = -2 - -5. Let u = -3 + c. Suppose u = -3*m + 24. Calculate the greatest common divisor of 72 and m.
8
Suppose -4*u = -3*z + 4, z - 2*u - 14 = -2*z. Let b be (-38)/(-6) + (-2)/(-3). Suppose -v = -b - z. Calculate the greatest common factor of v and 6.
3
Suppose 9*f - 8 = -53. Suppose 2*t - 5*t = -48. Let s = t + f. Calculate the highest common factor of 11 and s.
11
Suppose -x + 5*x + 46 = d, 5*d - 142 = -2*x. Let v(w) = w**2 + w + 45. Let n be v(0). Suppose 0*h - n = -h. What is the highest common factor of h and d?
15
Let j be (0 - -4) + -7 + 4. Let c be -3 + (0 - -69)/j. Suppose 4*y + 122 = -0*m + 5*m, -2*m + 3*y = -53. Calculate the greatest common factor of m and c.
22
Suppose -2*b + 277 = -157. Calculate the highest common factor of b and 31.
31
Let j = 28 - 20. Calculate the greatest common factor of 2 and j.
2
Let b = 10 - -10. Let v = b + -9. What is the highest common factor of v and 121?
11
Suppose r - 4*u = -133, 2*r - 3*u + 254 = 2*u. Let d = r - -315. Calculate the highest common divisor of 18 and d.
18
Let l = 0 + 4. Let j be l/2 - 28/(-4). Suppose 2*q = -3*u + 2*u + 14, 5*u - 3*q = 96. Calculate the highest common factor of j and u.
9
Let x(i) = -5*i**3 + 2*i - 8. Let t(b) = -b**3 + b**2. Let r(y) = -4*t(y) + x(y). Let a be r(-6). Calculate the highest common factor of a and 13.
13
Let g be 0 + -1 + 180/20. What is the highest common divisor of g and 8?
8
Suppose -5*h - 4*v = -9*v - 740, -h + 2*v = -144. What is the greatest common factor of h and 19?
19
Let